{"id":194,"date":"2025-01-29T15:10:05","date_gmt":"2025-01-29T20:10:05","guid":{"rendered":"https:\/\/editionsderniermot.com\/?post_type=product&#038;p=194"},"modified":"2025-01-29T15:11:12","modified_gmt":"2025-01-29T20:11:12","slug":"lordre-une-enquete-de-fred-roy-tome-3","status":"publish","type":"product","link":"https:\/\/editionsderniermot.com\/?product=lordre-une-enquete-de-fred-roy-tome-3","title":{"rendered":"L&rsquo;Ordre &#8211; Une enqu\u00eate de Fred Roy &#8211; Tome 3"},"content":{"rendered":"","protected":false},"excerpt":{"rendered":"<p>D\u00e9sordre, souffrance et chaos. Ces trois mots r\u00e9sument bien le troisi\u00e8me tome des enqu\u00eates de Fred Roy. R\u00e9unissant les personnages phares des deux premiers tomes, J\u00e9r\u00e9mie Rivard vous am\u00e8ne \u00e0 nouveau dans un univers captivant o\u00f9 s\u2019unissent le crime, l\u2019endoctrinement et la folie. Les r\u00e9ponses aux premi\u00e8res enqu\u00eates de Fred Roy sont \u00e0 votre port\u00e9e. Le tout ne se r\u00e9glera pas sans heurts.<\/p>\n<p>L\u2019enqu\u00eateur Fred Roy sort d\u2019une terrible affaire. Antoine Girard, appel\u00e9 la F\u00e9e des dents, l\u2019a amen\u00e9 \u00e0 des limites qu\u2019il n\u2019avait jamais atteintes. Au milieu des proc\u00e9dures judiciaires pour enfermer Girard, un Ordre centenaire et myst\u00e9rieux sort de l\u2019ombre. Afin de d\u00e9busquer cette organisation qui ne cherche que la d\u00e9solation et la souffrance, Fred Roy devra faire \u00e9quipe avec David Karsenti afin de soutirer le maximum d\u2019informations de la part de la F\u00e9e des dents pour laquelle il semble d\u00e9montrer une grande fascination. D\u2019o\u00f9 provient cet Ordre qui a fa\u00e7onn\u00e9 l\u2019histoire politique et sociale du Qu\u00e9bec, et ce, \u00e0 l\u2019abri des regards? \u00c0 qui en veulent-ils? Et surtout, quelles sont leurs r\u00e9elles intentions?<\/p>\n","protected":false},"featured_media":197,"comment_status":"closed","ping_status":"closed","template":"","meta":{"_et_pb_use_builder":"","_et_pb_old_content":"","_et_gb_content_width":""},"product_brand":[],"product_cat":[15],"product_tag":[],"class_list":{"0":"post-194","1":"product","2":"type-product","3":"status-publish","4":"has-post-thumbnail","6":"product_cat-non-classe","8":"first","9":"instock","10":"shipping-taxable","11":"purchasable","12":"product-type-simple"},"_links":{"self":[{"href":"https:\/\/editionsderniermot.com\/index.php?rest_route=\/wp\/v2\/product\/194","targetHints":{"allow":["GET"]}}],"collection":[{"href":"https:\/\/editionsderniermot.com\/index.php?rest_route=\/wp\/v2\/product"}],"about":[{"href":"https:\/\/editionsderniermot.com\/index.php?rest_route=\/wp\/v2\/types\/product"}],"replies":[{"embeddable":true,"href":"https:\/\/editionsderniermot.com\/index.php?rest_route=%2Fwp%2Fv2%2Fcomments&post=194"}],"wp:featuredmedia":[{"embeddable":true,"href":"https:\/\/editionsderniermot.com\/index.php?rest_route=\/wp\/v2\/media\/197"}],"wp:attachment":[{"href":"https:\/\/editionsderniermot.com\/index.php?rest_route=%2Fwp%2Fv2%2Fmedia&parent=194"}],"wp:term":[{"taxonomy":"product_brand","embeddable":true,"href":"https:\/\/editionsderniermot.com\/index.php?rest_route=%2Fwp%2Fv2%2Fproduct_brand&post=194"},{"taxonomy":"product_cat","embeddable":true,"href":"https:\/\/editionsderniermot.com\/index.php?rest_route=%2Fwp%2Fv2%2Fproduct_cat&post=194"},{"taxonomy":"product_tag","embeddable":true,"href":"https:\/\/editionsderniermot.com\/index.php?rest_route=%2Fwp%2Fv2%2Fproduct_tag&post=194"}],"curies":[{"name":"wp","href":"https:\/\/api.w.org\/{rel}","templated":true}]}}